 of 7326?
6
What is the hundreds digit of 1530?
5
What is the units digit of 10175?
5
What is the hundreds digit of 5782?
7
What is the tens digit of 30233?
3
What is the tens digit of 4585?
8
What is the tens digit of 72787?
8
What is the thousands digit of 20540?
0
What is the units digit of 1920?
0
What is the tens digit of 1250?
5
What is the hundreds digit of 427?
4
What is the tens digit of 915?
1
What is the tens digit of 49141?
4
What is the hundreds digit of 12257?
2
What is the units digit of 2997?
7
What is the thousands digit of 6196?
6
What is the tens digit of 86769?
6
What is the units digit of 1313?
3
What is the ten thousands digit of 62699?
6
What is the tens digit of 84035?
3
What is the units digit of 1267?
7
What is the units digit of 22506?
6
What is the units digit of 2132?
2
What is the thousands digit of 35815?
5
What is the units digit of 7067?
7
What is the tens digit of 28312?
1
What is the thousands digit of 5049?
5
What is the tens digit of 747?
4
What is the units digit of 17736?
6
What is the units digit of 5843?
3
What is the hundreds digit of 18189?
1
What is the hundreds digit of 4084?
0
What is the hundreds digit of 12492?
4
What is the hundreds digit of 507?
5
What is the thousands digit of 15797?
5
What is the thousands digit of 1998?
1
What is the thousands digit of 26513?
6
What is the units digit of 2275?
5
What is the units digit of 8235?
5
What is the thousands digit of 53773?
3
What is the hundreds digit of 633?
6
What is the hundreds digit of 7949?
9
What is the tens digit of 7173?
7
What is the ten thousands digit of 49991?
4
What is the units digit of 1994?
4
What is the tens digit of 12589?
8
What is the tens digit of 4231?
3
What is the units digit of 6241?
1
What is the tens digit of 28770?
7
What is the units digit of 358?
8
What is the thousands digit of 5878?
5
What is the thousands digit of 18969?
8
What is the hundreds digit of 339?
3
What is the hundreds digit of 465?
4
What is the thousands digit of 7278?
7
What is the units digit of 33368?
8
What is the hundreds digit of 13333?
3
What is the tens digit of 736?
3
What is the hundreds digit of 488?
4
What is the thousands digit of 34314?
4
What is the hundreds digit of 1043?
0
What is the tens digit of 39418?
1
What is the thousands digit of 6306?
6
What is the tens digit of 108899?
9
What is the hundreds digit of 103?
1
What is the tens digit of 5324?
2
What is the tens digit of 117?
1
What is the hundreds digit of 3388?
3
What is the units digit of 2003?
3
What is the thousands digit of 98209?
8
What is the hundreds digit of 2018?
0
What is the thousands digit of 8557?
8
What is the ten thousands digit of 97189?
9
What is the tens digit of 219?
1
What is the thousands digit of 2513?
2
What is the thousands digit of 1068?
1
What is the thousands digit of 1809?
1
What is the hundreds digit of 4015?
0
What is the ten thousands digit of 101214?
0
What is the hundreds digit of 8980?
9
What is the tens digit of 327?
2
What is the hundreds digit of 2506?
5
What is the hundreds digit of 1144?
1
What is the tens digit of 1437?
3
What is the ten thousands digit of 14126?
1
What is the ten thousands digit of 12870?
1
What is the units digit of 144?
4
What is the tens digit of 5235?
3
What is the units digit of 6608?
8
What is the ten thousands digit of 20862?
2
What is the hundreds digit of 2764?
7
What is the ten thousands digit of 67832?
6
What is the tens digit of 12170?
7
What is the hundreds digit of 356?
3
What is the units digit of 303?
3
What is the hundreds digit of 1706?
7
What is the thousands digit of 1952?
1
What is the tens digit of 5455?
5
What is the units digit of 4099?
9
What is the units digit of 2329?
9
What is the tens digit of 4587?
8
What is the hundreds digit of 714?
7
What is the tens digit of 547?
4
What is the units digit of 1894?
4
What is the tens digit of 31102?
0
What is the thousands digit of 58182?
8
What is the hundreds digit of 26785?
7
What is the thousands digit of 140835?
0
What is the tens digit of 1095?
9
What is the units digit of 1035?
5
What is the tens digit of 6740?
4
What is the tens digit of 46040?
4
What is the units digit of 1102?
2
What is the units digit of 1148?
8
What is the units digit of 1385?
5
What is the units digit of 14436?
6
What is the units digit of 25833?
3
What is the hundreds digit of 286?
2
What is the thousands digit of 6986?
6
What is the units digit of 30?
0
What is the units digit of 170265?
5
What is the hundreds digit of 6883?
8
What is the ten thousands digit of 10449?
1
What is the thousands digit of 79254?
9
What is the hundreds digit of 673?
6
What is the hundreds digit of 391?
3
What is the thousands digit of 25824?
5
What is the tens digit of 10673?
7
What is the hundreds digit of 14306?
3
What is the units digit of 18295?
5
What is the ten thousands digit of 21403?
2
What is the units digit of 58558?
8
What is the units digit of 18309?
9
What is the hundreds digit of 335?
3
What is the units digit of 33125?
5
What is the thousands digit of 3523?
3
What is the hundreds digit of 2063?
0
What is the hundreds digit of 443?
4
What is the hundreds digit of 721?
7
What is the ten thousands digit of 12033?
1
What is the ten thousands digit of 27205?
2
What is the ten thousands digit of 44830?
4
What is the ten thousands digit of 87187?
8
What is the tens digit of 3358?
5
What is the tens digit of 984?
8
What is the thousands digit of 51073?
1
What is the tens digit of 90?
9
What is the ten thousands digit of 184233?
8
What is the thousands digit of 12599?
2
What is the ten thousands digit of 40148?
4
What is the hundreds digit of 412?
4
What is the units digit of 1356?
6
What is the hundreds digit of 130?
1
What is the thousands digit of 39517?
9
What is the hundreds digit of 1682?
6
What is the tens digit of 113631?
3
What is the units digit of 1326?
6
What is the units digit of 22366?
6
What is the hundreds digit of 1296?
2
What is the hundreds digit of 3032?
0
What is the units digit of 2428?
8
What is the units digit of 23914?
4
What is the hundreds digit of 785?
7
What is the tens digit of 1952?
5
What is the units digit of 4913?
3
What is the hundreds digit of 5411?
4
What is the units digit of 939?
9
What is the tens digit of 1050?
5
What is the thousands digit of 5152?
5
What is the hundreds digit of 12630?
6
What is the ten thousands digit of 27607?
2
What is the hundreds digit of 110294?
2
What is the units digit of 9750?
0
What is the ten thousands digit of 123521?
2
What is the units digit of 35553?
3
What is the hundreds digit of 15108?
1
What is the units digit of 395?
5
What is the thousands digit of 2059?
2
What is the units digit of 1400?
0
What is the hundreds digit of 65584?
5
What is the units digit of 433?
3
What is the thousands digit of 30550?
0
What is the units digit of 53654?
4
What is the units digit of 114575?
5
What is the units digit of 98262?
2
What is the tens digit of 1726?
2
What is the tens digit of 1022?
2
What is the tens digit of 1329?
2
What is the hundreds digit of 4150?
1
What is the tens digit of 1463?
6
What is the ten thousands digit of 67700?
6
What is the units digit of 2734?
4
What is the tens digit of 268?
6
What is the ten thousands digit of 12234?
1
What is the units digit of 8336?
6
What is the thousands digit of 141191?
1
What is the units digit of 37628?
8
What is the units digit of 204?
4
What is the ten thousands digit of 99118?
9
What is the hundreds digit of 2613?
6
What is the ten thousands digit of 36666?
3
What is the tens digit of 1026?
2
What is the hundreds digit of 1205?
2
What is the units digit of 611?
1
What is the tens digit of 3880?
8
What is the thousands digit of 29283?
9
What is the tens digit of 176?
7
What is the hundreds digit of 1413?
4
What is the tens digit of 2966?
6
What is the ten thousands digit of 18358?
1
What is the tens digit of 10553?
5
What is the ten thousands digit of 80070?
8
What is the hundreds digit of 9447?
4
What is the units digit of 5240?
0
What is the units digit of 89345?
5
What is the hundreds digit of 1729?
7
What is the hundreds digit of 1915?
9
What is the thousands digit of 7842?
7
What is the thousands digit of 66755?
6
What is the thousands digit of 8828?
8
What is t